0?
5
What is the units digit of 5582?
2
What is the units digit of 3447?
7
What is the hundreds digit of 25085?
0
What is the tens digit of 6584?
8
What is the hundreds digit of 1185?
1
What is the hundreds digit of 934?
9
What is the tens digit of 11822?
2
What is the thousands digit of 4513?
4
What is the units digit of 2147?
7
What is the units digit of 20520?
0
What is the tens digit of 180?
8
What is the hundreds digit of 785?
7
What is the thousands digit of 1087?
1
What is the thousands digit of 11899?
1
What is the hundreds digit of 650?
6
What is the units digit of 4998?
8
What is the tens digit of 1979?
7
What is the thousands digit of 1391?
1
What is the thousands digit of 47041?
7
What is the thousands digit of 14770?
4
What is the units digit of 1839?
9
What is the thousands digit of 2749?
2
What is the hundreds digit of 1665?
6
What is the tens digit of 6270?
7
What is the thousands digit of 2233?
2
What is the tens digit of 2499?
9
What is the tens digit of 680?
8
What is the hundreds digit of 2090?
0
What is the hundreds digit of 65817?
8
What is the units digit of 218?
8
What is the ten thousands digit of 72669?
7
What is the units digit of 8029?
9
What is the hundreds digit of 7604?
6
What is the units digit of 6643?
3
What is the tens digit of 581?
8
What is the thousands digit of 1843?
1
What is the units digit of 1633?
3
What is the units digit of 96?
6
What is the hundreds digit of 7726?
7
What is the hundreds digit of 78983?
9
What is the hundreds digit of 22952?
9
What is the hundreds digit of 124?
1
What is the thousands digit of 119890?
9
What is the hundreds digit of 445?
4
What is the hundreds digit of 37409?
4
What is the units digit of 147?
7
What is the units digit of 37?
7
What is the hundreds digit of 5593?
5
What is the tens digit of 737?
3
What is the tens digit of 123?
2
What is the thousands digit of 3213?
3
What is the hundreds digit of 127?
1
What is the units digit of 1953?
3
What is the tens digit of 675?
7
What is the units digit of 1266?
6
What is the thousands digit of 32341?
2
What is the tens digit of 1065?
6
What is the units digit of 3476?
6
What is the hundred thousands digit of 184311?
1
What is the hundreds digit of 5059?
0
What is the ten thousands digit of 119377?
1
What is the tens digit of 1547?
4
What is the ten thousands digit of 71965?
7
What is the hundreds digit of 1192?
1
What is the thousands digit of 29150?
9
What is the units digit of 20005?
5
What is the units digit of 787?
7
What is the hundreds digit of 262?
2
What is the tens digit of 3740?
4
What is the tens digit of 42418?
1
What is the tens digit of 3833?
3
What is the thousands digit of 8765?
8
What is the units digit of 1744?
4
What is the thousands digit of 24922?
4
What is the units digit of 38246?
6
What is the hundreds digit of 45830?
8
What is the units digit of 12890?
0
What is the tens digit of 32928?
2
What is the thousands digit of 35086?
5
What is the thousands digit of 2264?
2
What is the thousands digit of 83515?
3
What is the thousands digit of 21956?
1
What is the thousands digit of 6688?
6
What is the tens digit of 39?
3
What is the hundreds digit of 2431?
4
What is the units digit of 5297?
7
What is the tens digit of 5656?
5
What is the thousands digit of 2540?
2
What is the hundreds digit of 1663?
6
What is the thousands digit of 2757?
2
What is the units digit of 82549?
9
What is the units digit of 6039?
9
What is the tens digit of 99766?
6
What is the units digit of 6235?
5
What is the tens digit of 41593?
9
What is the tens digit of 48229?
2
What is the hundred thousands digit of 154961?
1
What is the units digit of 6244?
4
What is the tens digit of 2438?
3
What is the tens digit of 2107?
0
What is the units digit of 29552?
2
What is the units digit of 4524?
4
What is the hundred thousands digit of 136149?
1
What is the thousands digit of 79446?
9
What is the hundreds digit of 4172?
1
What is the ten thousands digit of 15251?
1
What is the hundreds digit of 703?
7
What is the ten thousands digit of 13423?
1
What is the hundreds digit of 2921?
9
What is the tens digit of 66741?
4
What is the units digit of 893?
3
What is the units digit of 9385?
5
What is the ten thousands digit of 10139?
1
What is the tens digit of 22519?
1
What is the ten thousands digit of 52011?
5
What is the units digit of 607?
7
What is the ten thousands digit of 90296?
9
What is the hundreds digit of 278?
2
What is the thousands digit of 12792?
2
What is the hundreds digit of 56617?
6
What is the thousands digit of 17320?
7
What is the tens digit of 56284?
8
What is the units digit of 137?
7
What is the hundreds digit of 120?
1
What is the thousands digit of 7257?
7
What is the units digit of 72616?
6
What is the tens digit of 12893?
9
What is the thousands digit of 84118?
4
What is the tens digit of 339?
3
What is the tens digit of 2986?
8
What is the tens digit of 785?
8
What is the thousands digit of 66704?
6
What is the ten thousands digit of 20539?
2
What is the units digit of 256?
6
What is the units digit of 1965?
5
What is the tens digit of 267?
6
What is the units digit of 479?
9
What is the hundreds digit of 1429?
4
What is the tens digit of 868?
6
What is the hundreds digit of 310?
3
What is the hundreds digit of 1419?
4
What is the tens digit of 1600?
0
What is the tens digit of 15976?
7
What is the ten thousands digit of 52667?
5
What is the tens digit of 2236?
3
What is the hundreds digit of 7266?
2
What is the units digit of 1743?
3
What is the thousands digit of 24443?
4
What is the hundreds digit of 1511?
5
What is the units digit of 122238?
8
What is the tens digit of 896?
9
What is the tens digit of 1144?
4
What is the thousands digit of 5509?
5
What is the units digit of 4695?
5
What is the units digit of 5112?
2
What is the tens digit of 1454?
5
What is the thousands digit of 73494?
3
What is the hundreds digit of 960?
9
What is the tens digit of 1350?
5
What is the ten thousands digit of 40014?
4
What is the thousands digit of 2130?
2
What is the tens digit of 4906?
0
What is the tens digit of 4267?
6
What is the hundreds digit of 122532?
5
What is the thousands digit of 1229?
1
What is the tens digit of 542?
4
What is the hundreds digit of 167?
1
What is the tens digit of 16426?
2
What is the hundreds digit of 7731?
7
What is the units digit of 3615?
5
What is the units digit of 14945?
5
What is the tens digit of 1736?
3
What is the units digit of 3353?
3
What is the units digit of 40945?
5
What is the hundreds digit of 114484?
4
What is the tens digit of 323?
2
What is the units digit of 1376?
6
What is the thousands digit of 10771?
0
What is the tens digit of 14122?
2
What is the thousands digit of 1745?
1
What is the units digit of 60?
0
What is the thousands digit of 56799?
6
What is the tens digit of 24345?
4
What is the thousands digit of 27906?
7
What is the units digit of 9334?
4
What is the tens digit of 8485?
8
What is the hundreds digit of 8246?
2
What is the hundreds digit of 12198?
1
What is the hundreds digit of 3798?
7
What is the hundreds digit of 6601?
6
What is the thousands digit of 1795?
1
What is the units digit of 7184?
4
What is the thousands digit of 7160?
7
What is the units digit of 6120?
0
What is the units digit of 92019?
9
What is the tens digit of 1480?
8
What is the tens digit of 11539?
3
What is the units digit of 44185?
5
What is the units digit of 33007?
7
What is the thousands digit of 6237?
6
What is the thousands digit of 9861?
9
What is the units digit of 27436?
6
What is the tens digit of 550?
5
What is the thousands digit of 36064?
6
What is the tens digit of 13247?
4
What is the units digit of 6202?
2
What is the thousands digit of 7666?
7
What is the ten thousands digit of 48438?
4
What is the hundreds digit of 160?
1
What is the hundreds digit of 733?
7
What is the tens digit of 35515?
1
What is the hundreds digit of 33653?
6
What is the units digit of 4668?
8
What is the hundreds digit of 1032?
0
What is the thousands digit of 15068?
5
What is the units digit of 3418?
8
What is the tens digit of 535?
3
What is the units digit of 25629?
9
What is the tens digit of 1174?
7
What is the tens digit of 16133?
3
What is the units digit of 5629?
9
What is the tens di